- 4. Let z(d) = d + 1. Let l(y) = -q(y) - 3*z(y). Let a be l(-1). Let b = a + 10. Let k(f) = -f**2 + 4*f + 6. What is k(b)?
1
Let j(g) = g**3 - 7*g**2 + 8*g - 3. Let u(x) be the first derivative of x**4/4 - x**2/2 - 4. Let o be u(2). What is j(o)?
9
Suppose -q = 5*g - 7 - 21, -5*q + 2*g = -5. Suppose -4*o - 3 = -q*h, -o + 4*o = 2*h - 2. Let f(w) = w - 6. Give f(o).
-6
Let k(r) be the second derivative of 0 - 1/6*r**3 - 7/2*r**2 + 3*r. Give k(0).
-7
Let h be (4 - 5)/(1/(-2)). Suppose 0 = 4*n - s + 13 + 15, 0 = n + h*s + 7. Let g be 5/n - 6/21. Let d(m) = 3*m + 1. What is d(g)?
-2
Suppose -9 = -3*x - 3. Let z(r) = -2*r**2 + 3*r - 4. Let s(u) = 1. Suppose 0*p - 5 = -5*p + l, -p - 3*l = -1. Let w(i) = p*z(i) + 2*s(i). Give w(x).
-4
Suppose -2*v = v + 12. Let r(h) = -3*h**3 + 7*h**2 - 1. Let a(p) = -4*p**3 + 8*p**2 - 1. Let d(j) = v*a(j) + 5*r(j). Give d(-3).
-1
Let o be (-2 - 2)*2/(-4). Suppose -i = -o*i + 5. Let z(m) = m - 6. Calculate z(i).
-1
Let d(m) = -m**2 - 4*m + 7. Let w = -129 + 182. Suppose 2*k + 75 = -5*u, 0 = -5*u - 3*k - w - 17. Let z = u + 12. Determine d(z).
2
Let a be (-5)/15*(-13 + 1). Suppose -j = -a + 8. Let t(g) = -5 + 2*g**2 + 5*g - 2*g - g**2. Determine t(j).
-1
Let v be (1 + 0)*4/1. Suppose v*c + c + 2*b = 8, 5*c - b = 11. Suppose 0*w = c*w. Let f(j) = j + 2. What is f(w)?
2
Let b(j) = j**2 - 3*j + 1 + j - 4*j. Let a(g) = -g**3 - 11*g**2 + 9*g - 32. Let r be a(-12). Determine b(r).
-7
Let w be 0/((0 - 2)*1). Suppose 0*n - 3*n + 3 = w. Let c be n*(-5)/(15/12). Let j(f) = -f**2 - 3*f + 1. What is j(c)?
-3
Let p be (1/(-3))/((-4)/36). Let t(f) = -f + 1. Let g be t(p). Let q(n) = -n**2 - n + 1. Calculate q(g).
-1
Suppose -5*z - 15 = 10. Let t(y) = -y**2 - 4*y + 4. Give t(z).
-1
Let a(t) = t**2 - t + 1. Let z(f) = -f + 1. Let s(l) = a(l) - 4*z(l). Determine s(-3).
-3
Suppose 7 = 4*a - 3*o, 4*a = -2*o + 6 + 16. Let s(d) = d + 3. What is s(a)?
7
Let w(s) = -2*s**2 - 2*s + 2. Let z = 32 + -34. Determine w(z).
-2
Let p(x) = -2*x + 4. Let t(a) be the third derivative of -a**5/60 - 7*a**4/12 + 3*a**3 + 7*a**2. Let j be t(-15). Calculate p(j).
-2
Let a = 3 + 1. Suppose -7*u + 8*u = -a. Let z(g) = g**2 + 3*g - 4. Determine z(u).
0
Let h(m) = m**2 + 4*m - 2. Suppose -t + 3*p + 7 = 0, 5*t + 5 = 2*p - 12. Let z be (-4 - t)*5*-1. What is h(z)?
3
Let p = -126 + 121. Let c(k) = 2*k**2 + 8*k + 5. Calculate c(p).
15
Let a(l) = -l**2 + 10*l - 6. Let c be a(9). Let g(i) = 0 - c + 3*i + 4. Determine g(-1).
-2
Let v(h) = -6*h**3 + h**2 - h - 2. Let f(a) = a**3 - 1. Let m(l) = -3*f(l) + v(l). Calculate m(1).
-8
Let v(g) = -g**2. Let t(h) = -h**3 - 7*h**2 + 3*h - 3. Let l(j) = t(j) - 4*v(j). Determine l(-4).
1
Let a(n) = 4*n**2 - 4*n + 2. Let z(j) = -1 - 3*j**2 - 3*j + 4*j + 4*j. Suppose -5*r + 4*s - 45 = -10, -2*r = 2*s - 4. Let b(i) = r*z(i) - 2*a(i). What is b(6)?
-7
Let z be ((-12)/(-10))/(12/40). Suppose -3*r - 3 = -z*r. Let j(n) = 5 - 4 - r + 2*n + 6. What is j(-3)?
-2
Let v(g) be the second derivative of -g**3/6 + 5*g**2 + 13*g. Determine v(8).
2
Let j(u) be the third derivative of -u**4/24 - 7*u**3/6 + 2*u**2. Let y be j(-12). Let g(w) = -2*w + 6. What is g(y)?
-4
Let y(p) = p**2 - 5*p + 2. Suppose -5*o + 4*n + 19 = 0, -2*n + 5 - 1 = 2*o. Suppose 0 = o*v - 6*v + 3. Let s be (0 - v)*(-3 - 0). What is y(s)?
-4
Let y(b) = -b**2 - 14*b + 7. Let f(x) = -x + 1. Let t(a) = -5*f(a) + y(a). What is t(-7)?
16
Suppose -a = a + 8, -2*a = 2*o - 8. Suppose -2*k = 2*k - o. Let n(b) = 5*b**2 - b**2 - 3*b**k + 3*b - 1 + 2. What is n(-3)?
1
Let h(m) = 0*m**3 + 6 - m**2 - 5 + 6*m**3. What is h(-1)?
-6
Let a(d) be the third derivative of d**4/24 + d**3/6 + 11*d**2. Calculate a(-2).
-1
Let p(c) = 13*c - 2 - 2 + 6 - 14*c. What is p(3)?
-1
Let o(r) = r**2. Suppose -g = -2*f - 9, -2*g - 3*f = -g + 16. Let d be (g + 9/6)*-2. Calculate o(d).
1
Let u(c) = -4*c**3 + 3*c**2 - c + 2. Let v(k) = 9*k**3 - 6*k**2 + k - 4. Let g(o) = 7*u(o) + 3*v(o). What is g(3)?
-10
Let k(b) = b + 32 - 33 - b**2 + 0*b. What is k(1)?
-1
Let r(g) be the second derivative of g**3/2 - g**2/2 - 6*g. Calculate r(-4).
-13
Let n(p) = 12*p**2 + 1. Suppose 0 = -3*s - 3*w - 6, -3*s + 8*s = 5*w. Calculate n(s).
13
Let o(w) = -w. Suppose 2*r = 3*a + 5, 3*r - a - a = 5. Let b(d) = -d**2 - 3. Let u(z) = r*b(z) + 2*o(z). Let x = -4 - -2. What is u(x)?
-3
Let o(h) = -h - 8. Let s(m) = -m**2 - 4*m - 2. Let u be s(-5). What is o(u)?
-1
Let o(m) = 3*m - 7. Let i(h) = -2*h + 7. Let u(q) = -4*i(q) - 3*o(q). What is u(-7)?
0
Let l(n) be the third derivative of -3*n**4/8 + 17*n**2. Suppose 0*x + x = -5*r - 10, 0 = -5*x - 25. What is l(r)?
9
Let x(r) be the second derivative of r**7/2520 + r**6/720 - r**4/2 - 8*r. Let q(w) be the third derivative of x(w). Let n = 0 + 0. Give q(n).
0
Let j(h) = h. Suppose 7 = 2*i - 3. Suppose -x + i = -0*x. Let n be 6/10 - (-12)/x. Determine j(n).
3
Let v = -15 + 9. Let n(u) = 7*u**3 + 15*u**2 - 16*u - 21. Let m(g) = 4*g**3 + 8*g**2 - 8*g - 11. Let l(h) = -5*m(h) + 3*n(h). What is l(v)?
4
Let c be (-4)/6 + 33/9. Let x(d) = -d**3 + 3*d**2 - 4*d + 2. Determine x(c).
-10
Let t(v) = -v**3 + 6*v**2 - 3*v + 9. Suppose -k + 12 - 6 = 0. Give t(k).
-9
Suppose 22*s - 12 = 24*s. Let v(j) = -j**2 - 5*j. Determine v(s).
-6
Let p(m) = m**2 + 7*m + 3. Let u be p(-6). Let y = 2 + u. Let f(a) = -a + 2. Let o(s) = 1. Let r(q) = -f(q) + 3*o(q). Calculate r(y).
0
Let y(r) = -r**2 + 7*r + 11. Let p be y(8). Let c(g) = g**2 - 2*g - 1. Determine c(p).
2
Let p(j) be the third derivative of 0*j - 3*j**2 + 0 + 1/6*j**3 - 1/360*j**6 - 1/12*j**4 + 1/24*j**5. Let i(c) be the first derivative of p(c). Determine i(4).
2
Let d be 3/(-2 - (-10)/4). Suppose 5*y = 3*p + 1, 3*y - 1 = d*p - 4*p. Let r(z) = 1 - 4 - 4*z + 4. What is r(p)?
9
Let v(c) be the second derivative of c**3/6 + 2*c**2 - 10*c. Let q be 42/(-8) + 15/(-20). Calculate v(q).
-2
Suppose 3*q - 31 = -2*s - 5, 14 = q + 2*s. Suppose -i + 3 = -q*i + 2*w, w + 5 = -4*i. Let f(j) = j**2 - j - 1. What is f(i)?
1
Let m(u) be the first derivative of -u**4/4 - 5*u**3/3 + u**2 - 5*u + 5. Determine m(-5).
-15
Suppose 3*w + 9 = 3. Let v(r) = 0 - r - r - 2 + 4*r. Calculate v(w).
-6
Let f(u) = -4*u**3 + 10*u**2 - 2*u + 3. Let z(q) = -3*q**3 + 9*q**2 - q + 2. Let k(s) = -4*f(s) + 5*z(s). Determine k(-4).
2
Let t(c) = c**3 - 4*c**2 - 7. Suppose -k + 2 = 1. Let j(z) = z**2 - z - 1. Let x(o) = k*j(o) - t(o). Suppose 4*m - 12 - 8 = 0. Calculate x(m).
1
Let m be 8/(-6)*18/(-12). Let w(i) = 4 + 0*i**2 - i**m - 4 + 4*i. Give w(5).
-5
Let f(p) = -4*p**2 + 3*p - 1. Let g(h) = -7*h**2 + 7*h - 1. Suppose 7 = i + 4. Let d(u) = i*g(u) - 5*f(u). Give d(6).
2
Let d(t) = -2*t + 1. Let o = 17 - 20. Let b be (o/3 + -1)/1. What is d(b)?
5
Let h(l) = l**3. Let z(o) = -7*o**3 + o**2 + 5*o - 2. Let w(t) = 6*h(t) + z(t). Let y(f) = -8*f - 45. Let p be y(-6). Calculate w(p).
-5
Let c be (-5)/5*-15*1. Suppose -2*b = -5*b + c. Let t(p) be the third derivative of p**4/24 - p**3 - p**2. What is t(b)?
-1
Let t(m) = -2*m**3 - 2*m**2 - 3*m - 2. Let n be (4/4 + -3)*-1. Suppose 1 - 5 = n*g. Determine t(g).
12
Suppose 4 = -4*a - 0. Let t(q) = -5*q**2 - 2*q**2 - 2*q**2 + q**2. Give t(a).
-8
Suppose 4*z + 32 = -4*m, 0 = -3*z + 4*m + m - 8. Let j(b) = 1. Let f(u) = -5*u + 5. Let h(v) = z*j(v) + f(v). Suppose 0 = -c - 0*c - 1. Determine h(c).
4
Let g(s) = s**2 + s - 1. Let m be (4 - 5)/(1/4). What is g(m)?
11
Let n be 80/(-14) - 2/7. Let s(x) = x**3 + 7*x**2 + 6*x + 8. Calculate s(n).
8
Let a(r) be the third derivative of -1/30*r**5 + 7*r**2 - 1/6*r**3 - 1/12*r**4 + 0*r + 0. Give a(-1).
-1
Let h be 1/(1/3 + 0). Let b(n) = -4*n**3 - 5*n**2 - 8 + 4*n - 2*n + n**3. Let m(o) = -7*o**3 - 11*o**2 + 5*o - 17. Let q(v) = 9*b(v) - 4*m(v). Determine q(h).
8
Let u(w) = -w + 4. Let j be ((-6)/4)/((-3)/(-6)). Determine u(j).
7
Let n(m) = -42 - 40 + 82 + 22*m. Determine n(1).
22
Let m be 1 - 2/(-1 + -1). Let i(u) = 0 + 2 + m + 3*u - 3. Calculate i(-1).
-2
Suppose -4*a - 20 = 0, -3*a - 14 = 3*w + a. Let v(j) = 11*j + 1. Calculate v(w).
23
Suppose -4*c = 5*z + 13, 5 = 4*c + 4*z + 13. Let x(l) = -l**2 + 4*l - 2. Let w be x(c). Let d(s) = -w - 3*s + 0*s**2 + 2*s**2 + 2. Calculate d(2).
3
Let h(x) = 3*x. Let b(u) = -u. Let k(z) = 17*b(z) + 6*h(z). Suppose 6*n = 2*n - 4. Determine k(n).
-1
Let a(z) = -4*z**2 - 6*z - 2. Let